it of 8302?
2
What is the thousands digit of 29957?
9
What is the hundreds digit of 26123?
1
What is the tens digit of 25143?
4
What is the thousands digit of 3280?
3
What is the tens digit of 1332?
3
What is the thousands digit of 46465?
6
What is the hundreds digit of 43491?
4
What is the tens digit of 812?
1
What is the hundreds digit of 19538?
5
What is the hundreds digit of 2460?
4
What is the thousands digit of 1715?
1
What is the units digit of 1144?
4
What is the units digit of 9732?
2
What is the units digit of 18692?
2
What is the units digit of 42954?
4
What is the ten thousands digit of 37169?
3
What is the tens digit of 22182?
8
What is the units digit of 1621?
1
What is the ten thousands digit of 14060?
1
What is the thousands digit of 2451?
2
What is the units digit of 9316?
6
What is the units digit of 886?
6
What is the tens digit of 45854?
5
What is the thousands digit of 5255?
5
What is the units digit of 21068?
8
What is the tens digit of 80250?
5
What is the hundreds digit of 16076?
0
What is the tens digit of 69682?
8
What is the units digit of 117271?
1
What is the units digit of 11754?
4
What is the units digit of 439?
9
What is the units digit of 632?
2
What is the tens digit of 5810?
1
What is the thousands digit of 2192?
2
What is the thousands digit of 9636?
9
What is the hundreds digit of 618?
6
What is the tens digit of 4398?
9
What is the hundreds digit of 1659?
6
What is the tens digit of 2294?
9
What is the hundreds digit of 769?
7
What is the units digit of 563?
3
What is the hundreds digit of 1529?
5
What is the units digit of 1743?
3
What is the tens digit of 2489?
8
What is the tens digit of 657?
5
What is the units digit of 454?
4
What is the hundreds digit of 901?
9
What is the tens digit of 739?
3
What is the hundreds digit of 214?
2
What is the hundreds digit of 9179?
1
What is the hundreds digit of 19873?
8
What is the units digit of 5207?
7
What is the units digit of 5539?
9
What is the tens digit of 67933?
3
What is the thousands digit of 5297?
5
What is the ten thousands digit of 15335?
1
What is the tens digit of 28301?
0
What is the tens digit of 370?
7
What is the tens digit of 91559?
5
What is the thousands digit of 1374?
1
What is the units digit of 9541?
1
What is the thousands digit of 28683?
8
What is the tens digit of 28381?
8
What is the units digit of 252?
2
What is the thousands digit of 19251?
9
What is the ten thousands digit of 63941?
6
What is the hundred thousands digit of 107766?
1
What is the tens digit of 2623?
2
What is the thousands digit of 1426?
1
What is the hundreds digit of 804?
8
What is the thousands digit of 3473?
3
What is the ten thousands digit of 140939?
4
What is the units digit of 10986?
6
What is the thousands digit of 5021?
5
What is the tens digit of 1189?
8
What is the tens digit of 78598?
9
What is the tens digit of 1579?
7
What is the tens digit of 3315?
1
What is the units digit of 364?
4
What is the thousands digit of 6424?
6
What is the units digit of 25202?
2
What is the hundreds digit of 50815?
8
What is the thousands digit of 1788?
1
What is the hundreds digit of 28187?
1
What is the tens digit of 100810?
1
What is the tens digit of 36604?
0
What is the hundreds digit of 2473?
4
What is the hundreds digit of 973?
9
What is the units digit of 503?
3
What is the ten thousands digit of 12615?
1
What is the thousands digit of 2427?
2
What is the thousands digit of 31759?
1
What is the ten thousands digit of 45501?
4
What is the units digit of 701?
1
What is the hundreds digit of 961?
9
What is the tens digit of 29?
2
What is the tens digit of 176068?
6
What is the thousands digit of 1617?
1
What is the tens digit of 1411?
1
What is the tens digit of 113705?
0
What is the hundreds digit of 1627?
6
What is the hundreds digit of 35556?
5
What is the hundreds digit of 1276?
2
What is the ten thousands digit of 104530?
0
What is the units digit of 885?
5
What is the units digit of 77671?
1
What is the tens digit of 42731?
3
What is the tens digit of 18566?
6
What is the tens digit of 9122?
2
What is the units digit of 15328?
8
What is the tens digit of 2025?
2
What is the hundreds digit of 18072?
0
What is the hundreds digit of 7642?
6
What is the hundreds digit of 19328?
3
What is the units digit of 123933?
3
What is the units digit of 58?
8
What is the hundreds digit of 559?
5
What is the tens digit of 27080?
8
What is the thousands digit of 94475?
4
What is the tens digit of 77124?
2
What is the tens digit of 563?
6
What is the hundreds digit of 5809?
8
What is the units digit of 2386?
6
What is the hundreds digit of 4698?
6
What is the hundreds digit of 5738?
7
What is the units digit of 640?
0
What is the thousands digit of 23124?
3
What is the thousands digit of 34829?
4
What is the thousands digit of 2333?
2
What is the ten thousands digit of 15425?
1
What is the units digit of 26965?
5
What is the hundreds digit of 31475?
4
What is the tens digit of 27082?
8
What is the hundreds digit of 7496?
4
What is the hundreds digit of 35302?
3
What is the hundreds digit of 111427?
4
What is the thousands digit of 3933?
3
What is the tens digit of 935?
3
What is the thousands digit of 5087?
5
What is the units digit of 42424?
4
What is the tens digit of 687?
8
What is the hundreds digit of 1311?
3
What is the thousands digit of 8993?
8
What is the units digit of 5525?
5
What is the hundreds digit of 13378?
3
What is the thousands digit of 2210?
2
What is the units digit of 5166?
6
What is the units digit of 11397?
7
What is the hundred thousands digit of 106038?
1
What is the hundreds digit of 111?
1
What is the thousands digit of 24782?
4
What is the thousands digit of 1499?
1
What is the tens digit of 26078?
7
What is the thousands digit of 15550?
5
What is the units digit of 36529?
9
What is the hundreds digit of 1631?
6
What is the hundreds digit of 20288?
2
What is the hundreds digit of 62219?
2
What is the tens digit of 49264?
6
What is the tens digit of 7644?
4
What is the ten thousands digit of 18349?
1
What is the hundreds digit of 798?
7
What is the tens digit of 158?
5
What is the tens digit of 7705?
0
What is the ten thousands digit of 50717?
5
What is the units digit of 6734?
4
What is the tens digit of 368?
6
What is the units digit of 2490?
0
What is the tens digit of 5261?
6
What is the hundreds digit of 5702?
7
What is the thousands digit of 4161?
4
What is the thousands digit of 1067?
1
What is the units digit of 940?
0
What is the tens digit of 33?
3
What is the hundreds digit of 4735?
7
What is the tens digit of 50654?
5
What is the tens digit of 2662?
6
What is the thousands digit of 16589?
6
What is the units digit of 21820?
0
What is the hundreds digit of 149367?
3
What is the hundreds digit of 278?
2
What is the units digit of 8592?
2
What is the hundreds digit of 6926?
9
What is the hundreds digit of 3267?
2
What is the hundreds digit of 700?
7
What is the units digit of 3473?
3
What is the units digit of 4411?
1
What is the thousands digit of 11284?
1
What is the tens digit of 215?
1
What is the units digit of 1117?
7
What is the thousands digit of 1638?
1
What is the thousands digit of 3426?
3
What is the units digit of 701?
1
What is the hundreds digit of 8353?
3
What is the ten thousands digit of 13806?
1
What is the tens digit of 602?
0
What is the hundreds digit of 290?
2
What is the hundreds digit of 2635?
6
What is the ten thousands digit of 24975?
2
What is the tens digit of 126236?
3
What is the units digit of 5733?
3
What is the ten thousands digit of 63410?
6
What is the tens digit of 43142?
4
What is the ten thousands digit of 108491?
0
What is the units digit of 99?
9
What is the tens digit of 329?
2
What is the thousands digit of 6482?
6
What is the thousands digit of 30482?
0
What is the units digit of 63520?
0
What is the tens digit of 99057?
5
What is the tens digit of 905?
0
What is the tens digit of 7770?
7
What is the hundreds digit of 2587?
5
What is the thousands digit of 1576?
1
What is the units digit of 7476?
6
What is the units digit of 1134?
4
What is the tens digit of 158?
5
What is the tens digit of 1855?
5
What is the thousands digit of 1699?
1
What is the tens digit of 1378?
7
What is the hundreds digit